**3 - 9 - a**3. Suppose 8 = -2*i, 4*i = -4*v - 13 - 3. Calculate u(v).
-9
Let s(g) = -2*g - 5. Let b(t) = t + 4. Let i(m) = 3*b(m) + 2*s(m). Suppose 0 = -k - 0 + 6. What is i(k)?
-4
Let q(r) = -r + 9. Let p(v) = -v + 8. Let s(a) = 7*p(a) - 6*q(a). Suppose 3*n - 19 = -i - 8, 2*n + 4 = 5*i. Calculate s(i).
0
Let a(s) = 8*s**2 + s. Suppose 7 = 2*r - 5. Let z = r - 5. Calculate a(z).
9
Let u(a) be the second derivative of -a**6/180 + a**5/120 + a**4/3 - 4*a. Let g(x) be the third derivative of u(x). Calculate g(-3).
13
Let x(u) = 17 + 12 - 28 + u**2 + 9*u. Determine x(-7).
-13
Let z = 6 + -5. Let u(g) be the second derivative of g**6/120 + g**5/120 + g**4/4 + 4*g. Let k(b) be the third derivative of u(b). Determine k(z).
7
Let d(v) = v**2 + v - 6. Suppose 2*w = i - 8, 2*w + 11 - 3 = 0. Give d(i).
-6
Let q(v) = -7*v**2 + 4*v - 4*v**2 + 10*v**2 + 2 + 3*v. What is q(6)?
8
Let o(c) = -13*c**2. Let j(i) = -13*i**2. Let u(k) = -4*j(k) + 3*o(k). What is u(-1)?
13
Let l(f) be the second derivative of -f**3/6 + 5*f**2/2 - 2*f. Let d(x) = -2*x + 8. Let b(k) = 5*d(k) - 8*l(k). Give b(3).
-6
Let a = 120 + -118. Let i(t) = t**3 + 2*t**2 - 2*t. What is i(a)?
12
Let b(w) = -65*w + 31*w + w**2 + 30*w + 4. Calculate b(4).
4
Let w(v) be the first derivative of v**6/120 - v**5/10 + 5*v**4/24 + 7*v**3/6 + v**2/2 - 3. Let m(q) be the second derivative of w(q). Give m(5).
7
Let q(h) = 0 - 7 + 3*h - 5*h + 5*h. Determine q(5).
8
Let o(g) be the first derivative of g**4/4 + g**3/3 - g**2 + g - 31. Let n(p) = -p**3 - 5*p**2 - 3*p + 5. Let i be n(-4). What is o(i)?
1
Suppose 5*v = v - 4*o, -5*o = -v + 6. Let p be (2 - 0) + (1 - v). Let c(z) = -2*z**2 + 4*z - 2. What is c(p)?
-2
Suppose 5*q - c + 3*c - 11 = 0, 5*q = -5*c + 5. Let n(p) be the second derivative of p - 1/2*p**2 - 1/6*p**q + 0. Calculate n(-4).
3
Suppose -j = -8*v + 9*v + 6, 0 = j - 2*v + 3. Let m = -7 + -1. Let f(g) = -2*g + 2. Let d(h) = 5*h - 5. Let l(i) = m*f(i) - 3*d(i). Determine l(j).
-6
Suppose -4*y = -10 - 10. Suppose -2*f + 3 + y = 0. Let c(u) = 5*u**2 - u**3 - 2 - 3*u - 1 + 0*u. Determine c(f).
1
Let f(b) be the third derivative of -b**4/12 - b**3/3 + 8*b**2. Calculate f(-6).
10
Let q(g) = g + 7. Let a be q(-5). Let h be 1*3*a/3. Let n(m) = 0*m + m - 3 - h*m - 2. What is n(-5)?
0
Let l(k) = 5*k - 1. Let v(o) = -14*o + 4. Let a(t) = -11*l(t) - 4*v(t). Calculate a(6).
1
Suppose -2*r + 6 = 2*l - 5*r, -r = 0. Let n(m) = -m - 1. Let x(t) = -2*t - 2*t**2 + 0*t + 2*t - 1. Let h(y) = -3*n(y) + x(y). Give h(l).
-7
Let r(x) be the third derivative of -x**6/120 + x**5/12 + x**3 - 29*x**2. What is r(5)?
6
Let n(a) = -1 + 1 + 6*a. Suppose 2 = -x + 4. Suppose p - 3 = -x. Calculate n(p).
6
Let o(y) = -7*y**2 + 14*y**2 + 9 + 9*y - 8*y**2. Give o(9).
9
Let k(y) = 16*y - 6*y - y**2 - 3 - 14. Determine k(8).
-1
Let m(f) = 9 - 6 - 5*f**2 - 6*f + 4*f**2 - 5. Give m(-3).
7
Let i(z) = -z**2 + 6*z + 146 - 77 - 70. Give i(6).
-1
Let t(g) = -g**3. Let i(o) = 3*o**3 - 3 + o**2 - 2 - 2*o + 3. Let h(c) = -i(c) - 2*t(c). Calculate h(-2).
2
Let d = -4 + 5. Let y(l) = -d + l + 2 - 1 - 1. Give y(5).
4
Let s(c) = -10*c + 1. Let w(i) = -i. Let m(r) = -s(r) - 3*w(r). Calculate m(1).
12
Let a(p) = p + 2. Let j(c) = 5*c + 11. Let g(r) = -33*a(r) + 6*j(r). Let n(q) = q**3 + 5*q**2 + 1. Let b be n(-5). Suppose -f - b = -2. Give g(f).
-3
Let d = 1 - 5. Let x be 0 + 1 - (d + 3). Let z(a) = a**2 + 2*a**2 - a**2 - 3 + 2*a - 3*a**x + a**3. Calculate z(2).
5
Let f(v) = v**2 - 3*v + 3. Suppose -4*w = -w - 6. Let l(m) = -m**3 + 3*m**2 + m - 1. Let o be l(w). Suppose 0 = -o*x - 0*x + 10. What is f(x)?
1
Let x(o) = -4*o**3 - o**2 + o. Suppose 0 = -4*m + 5*w - 19, -3*w + 4 + 5 = -2*m. Let a = m - -7. Give x(a).
-4
Let s(a) = 13*a - a + 3*a - 6*a + 1. Suppose q + 0 - 1 = 0. Determine s(q).
10
Let s(x) = -1. Let q(f) = 5*f + 2. Let r(t) = q(t) + 3*s(t). Give r(2).
9
Let b(m) = 3*m**3 - 6*m**3 - 1 + m**2 + 4*m + 2*m**3. Calculate b(3).
-7
Let d(f) be the third derivative of f**6/120 + f**5/15 + f**4/12 + 5*f**3/6 + f**2. Suppose -1 - 3 = g. Determine d(g).
-3
Let r(t) = t + 10. Let w be r(-10). Suppose 4*s - 21 - 23 = w. Let f(l) = l - s + 11. Calculate f(5).
5
Suppose -5*f = 5*p + 45, -p - p = 10. Let x(d) = d**3 + 3*d**2 - 6*d - 5. Calculate x(f).
3
Let a(j) = -10*j**2 + 5*j. Let b(l) = -11*l**2 + 6*l. Let n(q) = 7*a(q) - 6*b(q). Let s(d) = d**2 - 6*d + 9. Let x be s(2). Give n(x).
-5
Let o(n) = 2*n - 1. Let s = -8 - -4. Let u be s - (-2 + 0/(-2)). Determine o(u).
-5
Let p(n) = -3*n**2 + 6*n + 7. Let l(z) = -5*z**2 + 12*z + 13. Let u(y) = 4*l(y) - 7*p(y). Let i = -3 + -2. Give u(i).
-2
Let n(l) = 1. Let d be 5 + -4 + 1 + -1. Let v(g) = g**2 + 2*g - 3. Let r(h) = d*n(h) - v(h). Calculate r(-5).
-11
Let h(g) = -3*g + 4. Suppose 0 = 5*x + 4*c - 15, -2*x + 34 = -2*c - 2*c. Determine h(x).
-17
Suppose z + 1 = 14. Let h(b) = z*b**2 - 1 - 9*b**3 - 11*b**2 + 0. Determine h(1).
-8
Let n(q) = 2*q - 5. Let g(l) = -9*l + 21. Let j(b) = -5*g(b) - 21*n(b). Suppose 0 = 2*c + c + s - 8, 3*c - 28 = -5*s. Determine j(c).
3
Let t(h) = -h**2 - 4*h - 3. Suppose 55 = 5*o - 5*i - 0*i, -3*o + 51 = 3*i. Let z be 7/o + (-14)/4. Calculate t(z).
0
Let z(t) = t**3 + 2*t**2 - 16*t - 10. Let f be z(-5). Let w(q) = 2*q - q**2 + 2*q**2 + 2*q. Calculate w(f).
5
Let m(b) = -b**3 - 3*b**2 + 6*b + 1. Let a(y) = y + 1. Let x be a(8). Let u = 5 - x. Calculate m(u).
-7
Let o(a) = -a + 4. Suppose 3*w + 2 + 22 = 0. Let v be 26/7 + w/(-28). Determine o(v).
0
Suppose 6*d - 25 = d - 5*p, 4 = 4*d - 4*p. Let y(f) = -f - 1. Calculate y(d).
-4
Let p(q) = 4*q - 2. Let f(g) = g**2 - 17*g + 44. Let r be f(14). Determine p(r).
6
Suppose 5*n + 0*n = -5. Let o(g) = 11*g**2 - 2*g - 1. Determine o(n).
12
Let f(z) = -z**3 - 2*z**2 + 3*z + 3. Let s = 10 + -15. Let a = s + 3. Give f(a).
-3
Suppose -3*b - 18 = -117. Let s(y) = 30*y**2 - 5 - y + y**3 + 6 - b*y**2. Let x = 4 + -1. Determine s(x).
-2
Let d(z) be the first derivative of -z**4/4 + z**2/2 + 333. Let y(s) = s**3 + 3*s**2 + 3*s. Let b be y(-2). Give d(b).
6
Let k be 5/20 + 13/(-4). Let m(s) = s**2 + s - 2. Let u be m(k). Let b(c) = c**3 - 3*c**2 - 5*c + 3. Determine b(u).
-1
Let p(u) be the second derivative of u**5/20 - 7*u**4/12 - u**3/6 + 5*u**2/2 - 2*u. What is p(7)?
-2
Let j be ((-2)/(-6))/(-4 + 13/3). Let s(x) = 6*x**3 - x**2 - x + 1. Calculate s(j).
5
Let k(w) = w**3 - 5*w**2 + 3*w + 2. Suppose 4*h - 4 = l - 20, 5*l + 5*h - 5 = 0. Calculate k(l).
-2
Let c(l) be the first derivative of -l**4/4 - 2*l**3 + l**2/2 + 5*l - 51. Let j be ((-4)/(-5))/(4/(-30)). What is c(j)?
-1
Let r(l) = l**3 - 5*l**2 + 5*l - 4. Suppose -2*d = 6, -3*n + d - 5*d + 12 = 0. Let k(g) = 2*g - 13. Let j be k(n). Determine r(j).
-7
Let l(f) be the third derivative of -f**8/6720 + f**7/840 - f**6/240 + f**5/60 + f**4/3 + 3*f**2. Let s(u) be the second derivative of l(u). Calculate s(3).
-7
Let y(t) = 16*t - 1. Let f = -12 + 11. Give y(f).
-17
Let c(h) = -15*h - 1 + 10*h + 10*h + 0. Calculate c(2).
9
Let q(p) = p**3 + p**2 + 11. Let o be (-3 + 12/4)/1. Give q(o).
11
Suppose o + 5 = 6*o. Let s(y) = 45*y - 3 + 3 + 1 - 49*y. Calculate s(o).
-3
Let a be 1/(-9) + 28/72*8. Let d(f) = -f**2 + 2*f + 1. What is d(a)?
-2
Let c(w) = -3*w + 2. Suppose f + 4*f - 10 = 0. Let n be 32/15 - (-10)/(-75). Suppose 3*i - 2*q - 18 = 2*q, -4*i - f*q = -n. Give c(i).
-4
Let w(n) = -n**2 + n + 2. Let d be 0*30/(-20)*2/(-6). Determine w(d).
2
Let h be ((-6)/10)/(3/15). Let u(n) = n**3 + 3*n**2 - n - 2. Determine u(h).
1
Let o(f) = -3*f + 7*f + 0*f - 8. Let y = 213 - 207. What is o(y)?
16
Let x(i) = -i + 2. Suppose 0*v + 5*v = 0. Suppose -3*w + 8 = 17, -4*f - 5*w - 39 = v. Let c = -3 - f. What is x(c)?
-1
Suppose 2*s = 4*j - 4, -3*s = -j - 0 + 6. Let x(g) be the third derivative of 1/60*g**5 - 1/24*g**4 + 0*g + j - 5/6*g**3 + g**2. What is x(0)?
-5
Let o(i) = 3*i**3 - 3*i - 5. Let f(x) = 16*x**3 - 16*x - 25. Let u(c) = 2*f(c) - 11*o(c). Let p = 310 - 310. What is u(p)?
5
Let i(p) = -p**3 - 6*p**2 - p - 5. Let v be i(-6). Let h be v + 2 + -2 + 1. Let k be (-2 - 2)*1/h. Let r(l) = 2*l + 1. Calculate r(k).
-3
Let h(o) = -4*o. Suppose 4*x + 18 = -3*k, 7*x - 4*x + 1 = 4*k. Give h(k).
8
Let a(p) = -p - 7. Suppose 4*h = 6*h. Give a(h).
-7
Let a(u) be the third derivative of u**4/24 + 11*u**3/6 - 4*u**2. Giv